 13*y**5/60 + y**4 - 7*y**3/6 - 2*y**2. Does 13 divide c(11)?
False
Suppose -3*a = 5*u - 2*u, 2*u = -4*a - 4. Suppose 324 = -0*o + u*o. Suppose -6*l + o = -3*l. Is 14 a factor of l?
False
Suppose t + 0*o + 4*o = 13, -26 = -3*t + o. Let j(s) = 2 + t*s - s + s**2 - 1 - 4. Does 3 divide j(-9)?
True
Let z be 89/(1 + 0) - 1. Let x = 2 + z. Does 15 divide x?
True
Let g(m) = -m**2 + 12*m - 8. Let o be g(11). Suppose 0 = -o*i + 6*i. Is 4 a factor of (-7 - -7) + 14 + i?
False
Suppose -5 = -4*m - g - 0, 11 = -2*m - 5*g. Suppose 0 = -m*t - t + 6. Is (5 + -3)/t + 19 a multiple of 10?
True
Suppose -4*m + 3277 + 216 = g, 2*g = 5*m - 4363. Does 65 divide m?
False
Let y be (-4)/(8/(-2))*25. Suppose 55 = 2*r - y. Is 10 a factor of r?
True
Suppose -3*q = 3, 4*q + 194 = -4*g + 486. Let c = g + -48. Is 26 a factor of c?
True
Let t be 1/((-116)/(-28) - 4). Suppose -t*g - 3*h + 140 = -3*g, -5*g + 210 = -5*h. Does 16 divide g?
False
Suppose 67*c = 58*c + 13680. Does 20 divide c?
True
Suppose -2*f + 5*l + 8 = l, -33 = -3*f - l. Suppose 2*v = v + f. Is 5 a factor of v?
True
Suppose 0 = 30*l - 31*l + 495. Is l a multiple of 45?
True
Let u(n) = 31*n. Let q(p) = 2170*p. Let l(f) = -4*q(f) + 279*u(f). Let o be l(-3). Is o/9*(7 - 4) a multiple of 18?
False
Let v(t) = -28*t - 2. Suppose 4 + 5 = s. Suppose 4*f - s = -13. Is 13 a factor of v(f)?
True
Let b = 40 + -56. Suppose 0 = -0*i - i + 48. Let y = b + i. Is y a multiple of 24?
False
Suppose 0 = -0*u - 2*u + 4. Suppose u*q = -0*q + 8. Is 4 a factor of (1/(-3))/(q/(-96))?
True
Suppose 0 = 4*u - 4*z - 3884, 3*z - 1936 = -2*u - z. Does 11 divide u?
False
Let s(m) = -m**3 - m**2 + 2. Let u be s(0). Let v(d) = 3*d**2 - 7*d - 2*d**u + 8 - 8. Is v(9) a multiple of 9?
True
Let z be -5 - -6 - (-186 - 0). Let u = z + -111. Is u a multiple of 23?
False
Let h = -11 - -6. Let p(r) be the third derivative of r**6/120 + r**5/12 - 7*r**4/24 - r**3/6 + 5*r**2. Does 17 divide p(h)?
True
Let m = 1504 + -404. Is 20 a factor of m?
True
Let j = -34 - -20. Is 16 a factor of (-4)/j + 2510/35?
False
Is (-500)/16*2*(-6)/5 a multiple of 12?
False
Let l be 0*(2 - 1) - 3. Let f(b) = -b**3 - 3*b**2 - 3*b - 3. Let i be f(l). Let k(w) = 4*w**2 - 6*w + 2. Is k(i) a multiple of 20?
False
Let m(o) be the second derivative of -11*o**3/2 + 12*o. Is m(-3) a multiple of 15?
False
Let c(x) = 2 + 30*x**2 + 20*x**2 + 13*x**2 + 2*x. Does 9 divide c(-1)?
True
Suppose 2*b + 1545 = 5*n, 2*n + 0*n = 3*b + 629. Is 18 a factor of n?
False
Let t(a) = -3*a + 65. Does 15 divide t(6)?
False
Let u(v) = v**3 + 6*v**2 + v + 8. Let k be u(-6). Let w(t) = 8*t - 42. Let b be w(9). Suppose -5*f + k*f = -b. Is 10 a factor of f?
True
Let k(v) = 19*v - 18. Let i be k(17). Suppose 4*d - 29 = -5*f + i, -3*d = 3*f - 249. Is 8 a factor of d?
False
Let c be 3308/18 + 6/27. Let w = -69 + c. Is w a multiple of 23?
True
Let m = -13 + 14. Let u be m - (-1 - 1 - 57). Does 21 divide u - -2 - (-4)/4?
True
Suppose 5*c - 4*z - 1076 = 0, 4*c + 5*z - 65 = 804. Let u be 9/12 + 611/(-4). Let s = c + u. Is 16 a factor of s?
True
Let c(z) = -28*z - 4 + 20*z - 28*z. Does 16 divide c(-1)?
True
Let f = -167 + -86. Let j = 356 + f. Does 32 divide j?
False
Let u(z) = 2*z**2 + 4 + 2*z**2 - 3*z**2 - 24. Let g be u(6). Suppose -5 - g = -k. Is k a multiple of 4?
False
Suppose -26 = -5*q - 4*p - 2, p + 15 = 4*q. Let o = q - 9. Does 11 divide o/20 - 459/(-12)?
False
Suppose -w + 259 - 48 = -l, -2*w - 5*l = -436. Let y = w - 127. Is y a multiple of 27?
False
Let i(u) = -u**2 + 5*u - 22. Let b be i(10). Is 14 a factor of (b/(-27))/(2/45)?
False
Does 31 divide 565 + (72/(-9) - -1)?
True
Suppose 7*w + 4*a = 4*w - 52, -3*w + a = 32. Let f be 4/(-24) + (-26)/w. Suppose f*x - 22 = -2*m, 4*x + 36 = 7*m - 3*m. Does 10 divide m?
True
Suppose 0 = 2*z + 2*t - 66, 3*z - 20*t + 17*t = 105. Is z even?
True
Suppose 14*d - 3*h - 1299 = 13*d, 0 = -2*d + 2*h + 2578. Does 10 divide d?
False
Let m(o) = 6382*o**2 + 35*o - 37. Is 58 a factor of m(1)?
True
Let n(s) = -s**3 + s + 2. Let k be n(0). Suppose -k*i - 4*z + 88 = 0, -i + 3*z = -0*z - 54. Is 10 a factor of i?
False
Let b(k) = 28*k**2 + 124*k + 23. Is b(-13) a multiple of 21?
False
Let d(n) = 8*n - 2. Let b(t) = 7*t - 2. Let k(s) = 3*b(s) - 2*d(s). Is 10 a factor of k(3)?
False
Let a(y) = 23*y**2 - 9*y + 11. Is a(4) a multiple of 18?
False
Let z(u) = -u**2 + 3*u - 1. Let m be z(-4). Let x = -125 - -201. Let j = m + x. Is j a multiple of 16?
False
Suppose -5*f = 8 - 18. Suppose 14 = f*s - 46. Is s a multiple of 10?
True
Let q(z) be the second derivative of 1/12*z**4 + 8*z**2 + 0 - 14*z - 7/6*z**3. Is q(8) a multiple of 12?
True
Suppose -66*a + 128390 = -63274. Is a a multiple of 183?
False
Is 49 a factor of (4/(-10))/(7/(-1715))?
True
Let r = -3 - -83. Let c = -14 + r. Does 17 divide c?
False
Let w(n) = 7*n + 9 - n**2 + 4*n - 2*n**3 + 1. Is 13 a factor of w(-4)?
True
Let q(h) = h**3 + 21*h**2 - 27*h - 78. Let p be q(-22). Suppose 2*u - 2 = 2*x, -3*u - 2 = -4*x - u. Let f = p + x. Is 10 a factor of f?
False
Let m(s) = s**2 + 3*s - 13. Let y be m(-7). Suppose y = u + 2. Does 2 divide u?
False
Let z(w) be the second derivative of -w**4/12 - w**3/6 + 83*w**2 - 16*w. Is z(0) a multiple of 11?
False
Let y = 26 + -28. Is (14/y - -4) + 35 a multiple of 29?
False
Let f = 62 + -66. Is 13 a factor of (7/((-147)/(-72)))/(f/(-182))?
True
Let w = 8 - 2. Let p be ((-9)/w)/3*-4. Suppose -5*u - 2*z + 46 = -64, p*u - z = 44. Does 11 divide u?
True
Let z = 542 + -467. Is z a multiple of 14?
False
Let u(k) = 2*k**2 + 5*k + 9. Let w(c) = -6*c + 56. Let p be w(10). Is 2 a factor of u(p)?
False
Let t(u) = -7*u**3 - 2*u**2 + 14*u + 32. Is 7 a factor of t(-4)?
True
Suppose 0 = -3*b + 59*s - 64*s + 6698, -2*b + 4472 = 5*s. Is 106 a factor of b?
True
Suppose 0 = 2*b - 171 - 253. Suppose 2*d + b = 4*d + 3*c, 2*d = -c + 204. Is 20 a factor of d?
True
Suppose -4*s - 2012 = -5*c, -c - s = -225 - 172. Let n = -144 + c. Suppose -99 = -2*j + 5*y, -5*j = -0*y - 4*y - n. Is j a multiple of 26?
True
Let q(a) = -13*a**2 - 5*a + 7. Let v be q(-4). Let n = v - -310. Is 32 a factor of n?
False
Let n = 9 - -8. Let v = n + -13. Suppose -21 = i - v*i. Is i a multiple of 3?
False
Let r = 4 + -2. Suppose -9 = r*m - 5*m. Suppose m*w = h, 4*h - 14 = 2*w + 3*w. Is 4 a factor of h?
False
Suppose 18*b - 5*b = 1833. Suppose 2*y = -2, 2*r + 3*y = -0*y + b. Is r a multiple of 7?
False
Suppose 41*n = 34633 + 23628. Is 36 a factor of n?
False
Let d = -1173 + 1605. Is 12 a factor of d?
True
Let c(t) = -10*t**3 - t**2 + t - 4. Let w(n) = -n - 1. Let m(y) = c(y) - 2*w(y). Does 8 divide m(-2)?
False
Let j(x) = 4*x + 4. Let q be j(-2). Let c = q + 47. Does 21 divide c?
False
Let g(d) be the second derivative of d**5/20 - 2*d**4/3 + d**3 + 5*d**2/2 + 13*d. Does 20 divide g(9)?
True
Suppose 4*q = -16, -3*r - 106 = -5*r + 3*q. Does 4 divide r?
False
Let d(v) = -3*v**2 - 5*v + 2. Let h be d(-11). Let u = -168 - h. Is 42 a factor of u?
False
Suppose 6*d - 24657 = -5*b, 5*d = 10*d - b - 20532. Is 37 a factor of d?
True
Suppose -i + 3*i - 10 = 0. Let h(w) = 3*w + w + 4*w - 4. Is h(i) a multiple of 12?
True
Is 17 a factor of (-2)/(-3) + 21320/195?
False
Suppose h + 129 = 4*z, -3*z - 5*h + 82 = 14. Suppose z = 4*m - 377. Suppose -14*c + 17*c - m = 0. Does 17 divide c?
True
Suppose 5*z = 4*f + 1104, -5*z + 800 = -f - 316. Does 5 divide z?
False
Suppose -5*x + 870 + 359 = -4*c, 488 = 2*x + 2*c. Does 4 divide x?
False
Let l(i) = 5*i**2 - 13*i + 10. Let k(g) = -3*g**2 + 6*g - 5. Let w(u) = 7*k(u) + 4*l(u). Does 7 divide w(-9)?
True
Let b(k) = 7*k + 15. Let h(a) = a - 1. Let x(z) = b(z) + 4*h(z). Suppose -17*r + 78 = -7. Does 22 divide x(r)?
True
Let l(c) = 3*c**2 + 16*c + 16. Let v(g) = -2*g**2 - 15*g - 15. Let y(q) = -3*l(q) - 4*v(q). Suppose -5*m + m = -48. Is 4 a factor of y(m)?
True
Suppose 3*h = -2*h. Suppose h = 5*u - 9 - 16. Suppose u*c = -4*x + 171, -c - 3*c + 116 = -2*x. Is 16 a factor of c?
False
Is 31 a factor of (-1)/(-16) + (-780806)/(-416)?
False
Let d(g) = -g + 6. Let p be 35/3 + (-6)/9. Let s be d(p). Does 10 divide (-217)/s + (-3)/(-5)?
False
Suppose -3*g = -4*k + 26, 4*k - 4*g = -0*g + 24. Suppose k*u = -24 + 224. Is 10 a factor of u?
False
Suppose -11*t + 5*t = -882. Is 13 a factor of t?
False
Suppose 26238 = 34*m - 8884. Does 5 d